-1?
55
In base 6, what is 155335 - 0?
155335
In base 7, what is -2052 - 4?
-2056
In base 3, what is 11 + 110210?
110221
In base 3, what is 21 - -102?
200
In base 11, what is -56a + 2?
-568
In base 5, what is -24 + -2020?
-2044
In base 10, what is -33 + 7?
-26
In base 4, what is 2 - -11003?
11011
In base 14, what is -110 + 2?
-10c
In base 5, what is 0 - -221?
221
In base 12, what is 25 + -125?
-100
In base 2, what is 10100011 - 1?
10100010
In base 16, what is f6 + 1?
f7
In base 7, what is 1224 + 5?
1232
In base 12, what is -986 - -5?
-981
In base 16, what is 26 - 9?
1d
In base 10, what is -2 - -39?
37
In base 16, what is -4 - 4?
-8
In base 10, what is 212 - 4?
208
In base 7, what is -4 - 26?
-33
In base 12, what is -534 - -1?
-533
In base 14, what is 4 - -3d5?
3d9
In base 12, what is 18 + -65?
-49
In base 15, what is -7 - 5?
-c
In base 7, what is -5 + -320?
-325
In base 3, what is -21 - -2012?
1221
In base 5, what is 240 + 310?
1100
In base 5, what is 3 + -1011?
-1003
In base 4, what is -1 - 11202?
-11203
In base 5, what is 41 + -201?
-110
In base 2, what is 0 + -1110110?
-1110110
In base 10, what is -7 + -22?
-29
In base 4, what is -2330 + 0?
-2330
In base 10, what is -2 + -64?
-66
In base 11, what is -1 - 140?
-141
In base 16, what is -3 + -20?
-23
In base 15, what is -3 - 4c6?
-4c9
In base 8, what is -25 + -11?
-36
In base 9, what is -10 - 74?
-84
In base 4, what is 0 - -1100?
1100
In base 11, what is -6 + -1112?
-1118
In base 16, what is -3 + 1eb?
1e8
In base 15, what is -185 + 5?
-180
In base 4, what is 312 + -101?
211
In base 12, what is -4 - -20?
18
In base 10, what is -460 - 0?
-460
In base 8, what is 1 + 637?
640
In base 10, what is -2542 + 1?
-2541
In base 7, what is -263 - 5?
-301
In base 11, what is 154 + 6?
15a
In base 5, what is -33 + 2?
-31
In base 9, what is -1 + 183?
182
In base 6, what is 3 + -1023?
-1020
In base 9, what is -2703 - 8?
-2712
In base 15, what is -3 - d9a?
-d9d
In base 4, what is 10021 + -10?
10011
In base 9, what is 26145 - 1?
26144
In base 6, what is -130 - 5?
-135
In base 15, what is 18b + 5?
191
In base 5, what is -21 - 30?
-101
In base 10, what is 12 + 1?
13
In base 4, what is -201 - -2?
-133
In base 7, what is 14 - 1?
13
In base 10, what is -2 - 4554?
-4556
In base 13, what is 2 - -b?
10
In base 8, what is -34 + 42?
6
In base 3, what is 1222122 - 0?
1222122
In base 9, what is 17 - 16?
1
In base 2, what is 10 + 101010011110?
101010100000
In base 8, what is 231 + 5?
236
In base 7, what is 3 + 55?
61
In base 5, what is 4 - 22?
-13
In base 5, what is 11001 + -2?
10444
In base 15, what is 27 - -9?
31
In base 3, what is -11 + 112?
101
In base 6, what is 44 - -1?
45
In base 14, what is -b0 + 0?
-b0
In base 15, what is 18 - 4?
14
In base 11, what is -1 + -51?
-52
In base 13, what is -4 - -5a4?
5a0
In base 8, what is 3 - -3204?
3207
In base 3, what is 2110 + -12?
2021
In base 4, what is -3313 + 221?
-3032
In base 12, what is a2 + -33?
6b
In base 13, what is 4 - 39?
-35
In base 9, what is 3 - 875?
-872
In base 2, what is -11000 + 11100111?
11001111
In base 4, what is -3 - -1130?
1121
In base 14, what is 4c3c - -5?
4c43
In base 8, what is -102 - 2?
-104
In base 10, what is -3 + -13?
-16
In base 4, what is 101 - -10200?
10301
In base 11, what is 4789 + 0?
4789
In base 12, what is 5 + -1b?
-16
In base 6, what is 1 - -21?
22
In base 11, what is -439 + 4?
-435
In base 2, what is -111 + -101100?
-110011
In base 10, what is -117 - -4?
-113
In base 5, what is -3 - 1324?
-1332
In base 11, what is 489 - 0?
489
In base 13, what is 124 - -8?
12c
In base 11, what is -5 + -429?
-433
In base 3, what is -120100 + -11?
-120111
In base 9, what is -3 - 62?
-65
In base 6, what is -34250 + -4?
-34254
In base 11, what is -12 - -90?
79
In base 8, what is 27 - 226?
-177
In base 9, what is -4 + -56?
-61
In base 9, what is 0 - -187?
187
In base 15, what is 35b + 9?
365
In base 5, what is -103 + -1142?
-1300
In base 15, what is -3b - -71?
35
In base 11, what is -259 + -2?
-260
In base 15, what is 0 + -145?
-145
In base 11, what is -23 + 1?
-22
In base 15, what is -4 - 50?
-54
In base 2, what is 1 + -1111000?
-1110111
In base 13, what is -7 + -72?
-79
In base 11, what is 0 - 38?
-38
In base 8, what is -725 - 13?
-740
In base 2, what is 1000000100 - 10?
1000000010
In base 11, what is 8 + -5?
3
In base 10, what is -4163 - 5?
-4168
In base 10, what is 2 - 5?
-3
In base 5, what is -122 + 2?
-120
In base 10, what is 5 + -96?
-91
In base 13, what is -a + 64?
57
In base 13, what is -3 + c0?
ba
In base 12, what is 5 + -2a?
-25
In base 6, what is 1052 + 20?
1112
In base 5, what is 43 - 30?
13
In base 2, what is 111000101 + -11?
111000010
In base 11, what is -18 + 55?
38
In base 11, what is 428 + -2?
426
In base 14, what is -1 - -3a6?
3a5
In base 4, what is 0 + -1112?
-1112
In base 12, what is 25 - 1?
24
In base 12, what is 480 - -5?
485
In base 13, what is -4 - a2?
-a6
In base 9, what is 1313 + -27?
1275
In base 15, what is -123 - -1?
-122
In base 8, what is 1 - -460?
461
In base 15, what is 0 + -6a?
-6a
In base 6, what is -4 - -1334?
1330
In base 13, what is 85 - 5?
80
In base 10, what is 258 + -15?
243
In base 8, what is -142 + -1?
-143
In base 11, what is -1 - 232?
-233
In base 15, what is 1 - -46?
47
In base 7, what is 22 + 21?
43
In base 2, what is -10011001 + 100?
-10010101
In base 2, what is -1 + 1110010111?
1110010110
In base 10, what is 376 + -5?
371
In base 6, what is -25 - 1020?
-1045
In base 8, what is -571 + -3?
-574
In base 8, what is -2 - -763?
761
In base 6, what is -3 - -530?
523
In base 11, what is a77 + 4?
a80
In base 6, what is -130 + -233?
-403
In base 7, what is 5212 + 6?
5221
In base 15, what is 85 - -2?
87
In base 4, what is -2 - -1112103?
1112101
In base 5, what is 101033 + 2?
101040
In base 14, what is 2 + -b3?
-b1
In base 8, what is 150 + 5?
155
In base 7, what is 61 - 103?
-12
In base 6, what is -520 - 4?
-524
In base 3, what is -200 - -2201?
2001
In base 14, what is 4 + 1a5?
1a9
In base 16, what is 2c - -43?
6f
In base 12, what is 2 + 18?
1a
In base 5, what is -1142 + 10?
-1132
In base 9, what is -8 + 15?
6
In base 14, what is -1b3 + -3?
-1b6
In base 7, what is -121 - 6?
-130
In base 11, what is 37 - 18?
1a
In base 16, what is -2 + b17?
b15
In base 7, what is 3 + -14311?
-14305
In base 14, what is -a9 + 2?
-a7
In base 15, what is -1 - 451?
-452
In base 3, what is -21111 - 12?
-21200
In base 9, what is -2 + -103?
-105
In base 13, what is c1 + -3?
bb
In base 13, what is -10 + -4c?
-5c
In base 13, what is 8b6 + 4?
8ba
In base 10, what is 1 - -41?
42
In base 12, what is 9b - 5?
96
In base 7, what is 3 + 12?
15
In base 16, what is 24 + -d?
17
In base 8, what is -22 + 32?
10
In base 6, what is 104 - -3?
111
In base 4, what is -2112 - 3?
-2121
In base 16, what is -71e - -1?
-71d
In base 10, what is -511 + -1?
-512
In base 9, what is 0 - -487?
487
In base 5, what is -3 - -340?
332
In base 11, what is -908 - -2?
-906
In base 2, what is 1111001 + -101?
1110100
In base 4, what is -30 - 3?
-33
In base 6, what is 134 - -34?
212
In base 12, what is -40 - -12?
-2a
In base 16, what is 4 + 1c?
20
In base 14, what is -2b3 + -5?
-2b8
In base 4, what is 102 - 102?
0
In base 9, what is 5 + -6?
-1
In base 8, what is -57 + -10?
-67
In base 14, what is 0 - 9d?
-9d
In base 10, what is -11 + 58?
47
In base 10, what is -4 + 42?
38
In base 8, what is -76 - 51?
-147
In base 8, what is 11 + -652?
-641
In base 3, what is -1121 - -2?
-1112
In base 15, what is 2 - 337?
-335
In base 16, what is -38d - 2?
-38f
In base 15, what is 2 + -86?
-84
In base 14, what is -1716 - 3?
-1719
In base 9, what is -2227 + 3?
-2224
In base 6, what is -5 - -1124?
1115
In base 16, what is 2 + 2e6?
2e8
In base 5, what is 4 - 101411?
-101402
In base 16, what is -80 + -5?
-85
In base 13, what is -313c + -2?
-3141
In base 15, what is 0 - 14?
-14
In base 15, what is -28e + 0?
-28e
In base 6, what is -114 + -10?
-124
In base 8, what is 2 + 16?
20
In base 8, what is -5 + -277?
-304
In base 16, what is 8 + 258?
260
In base 5, what is -234110 + 3?
-234102
In base 11, what is -4 - a2a?
-a33
In base 5, what is -130404 - -2?
-130402
In base 15, what is -30 - 4?
-34
In base 10, what is 206 + -3?
203
In base 6, what is 410 - 25?
341
In base 9, what is 534 + -2?
532
In base 7, what is -3 